{"id":9556,"date":"2019-11-01T11:40:15","date_gmt":"2019-11-01T10:40:15","guid":{"rendered":"https:\/\/geab.se\/elnat\/?page_id=9556"},"modified":"2026-04-13T15:00:00","modified_gmt":"2026-04-13T13:00:00","slug":"nyheter","status":"publish","type":"page","link":"https:\/\/geab.se\/elnat\/nyheter\/","title":{"rendered":"Nyheter eln\u00e4t"},"content":{"rendered":"\t\t<div data-elementor-type=\"wp-page\" data-elementor-id=\"9556\" class=\"elementor elementor-9556\" data-elementor-post-type=\"page\">\n\t\t\t\t\t\t<section class=\"elementor-section elementor-top-section elementor-element elementor-element-7ca473d4 elementor-section-boxed elementor-section-height-default elementor-section-height-default\" data-id=\"7ca473d4\" data-element_type=\"section\" data-e-type=\"section\">\n\t\t\t\t\t\t<div class=\"elementor-container elementor-column-gap-default\">\n\t\t\t\t\t<div class=\"elementor-column elementor-col-100 elementor-top-column elementor-element elementor-element-7e5e88e2\" data-id=\"7e5e88e2\" data-element_type=\"column\" data-e-type=\"column\">\n\t\t\t<div class=\"elementor-widget-wrap elementor-element-populated\">\n\t\t\t\t\t\t<div class=\"elementor-element elementor-element-7479bd0 elementor-widget elementor-widget-spacer\" data-id=\"7479bd0\" data-element_type=\"widget\" data-e-type=\"widget\" data-widget_type=\"spacer.default\">\n\t\t\t\t<div class=\"elementor-widget-container\">\n\t\t\t\t\t\t\t<div class=\"elementor-spacer\">\n\t\t\t<div class=\"elementor-spacer-inner\"><\/div>\n\t\t<\/div>\n\t\t\t\t\t\t<\/div>\n\t\t\t\t<\/div>\n\t\t\t\t<section class=\"elementor-section elementor-inner-section elementor-element elementor-element-b2ffb71 elementor-section-boxed elementor-section-height-default elementor-section-height-default\" data-id=\"b2ffb71\" data-element_type=\"section\" data-e-type=\"section\">\n\t\t\t\t\t\t<div class=\"elementor-container elementor-column-gap-default\">\n\t\t\t\t\t<div class=\"elementor-column elementor-col-33 elementor-inner-column elementor-element elementor-element-f00061f\" data-id=\"f00061f\" data-element_type=\"column\" data-e-type=\"column\">\n\t\t\t<div class=\"elementor-widget-wrap elementor-element-populated\">\n\t\t\t\t\t\t<div class=\"elementor-element elementor-element-46cff60 elementor-widget elementor-widget-heading\" data-id=\"46cff60\" data-element_type=\"widget\" data-e-type=\"widget\" data-widget_type=\"heading.default\">\n\t\t\t\t<div class=\"elementor-widget-container\">\n\t\t\t\t\t<h1 class=\"elementor-heading-title elementor-size-default\">Nyheter  eln\u00e4t<\/h1>\t\t\t\t<\/div>\n\t\t\t\t<\/div>\n\t\t\t\t\t<\/div>\n\t\t<\/div>\n\t\t\t\t<div class=\"elementor-column elementor-col-33 elementor-inner-column elementor-element elementor-element-b6d6f80 elementor-hidden-phone\" data-id=\"b6d6f80\" data-element_type=\"column\" data-e-type=\"column\">\n\t\t\t<div class=\"elementor-widget-wrap\">\n\t\t\t\t\t\t\t<\/div>\n\t\t<\/div>\n\t\t\t\t<div class=\"elementor-column elementor-col-33 elementor-inner-column elementor-element elementor-element-d9d6d65\" data-id=\"d9d6d65\" data-element_type=\"column\" data-e-type=\"column\">\n\t\t\t<div class=\"elementor-widget-wrap elementor-element-populated\">\n\t\t\t\t\t\t<div class=\"elementor-element elementor-element-3e899d9 elementor-align-end elementor-mobile-align-start elementor-icon-list--layout-traditional elementor-list-item-link-full_width elementor-widget elementor-widget-icon-list\" data-id=\"3e899d9\" data-element_type=\"widget\" data-e-type=\"widget\" data-widget_type=\"icon-list.default\">\n\t\t\t\t<div class=\"elementor-widget-container\">\n\t\t\t\t\t\t\t<ul class=\"elementor-icon-list-items\">\n\t\t\t\t\t\t\t<li class=\"elementor-icon-list-item\">\n\t\t\t\t\t\t\t\t\t\t\t<a href=\"https:\/\/geab.se\/elnat\/stromavbrott\/\" target=\"_blank\">\n\n\t\t\t\t\t\t\t\t\t\t\t\t<span class=\"elementor-icon-list-icon\">\n\t\t\t\t\t\t\t<svg xmlns=\"http:\/\/www.w3.org\/2000\/svg\" xmlns:xlink=\"http:\/\/www.w3.org\/1999\/xlink\" id=\"Ebene_1\" x=\"0px\" y=\"0px\" viewBox=\"0 0 283.5 283.5\" style=\"enable-background:new 0 0 283.5 283.5;\" xml:space=\"preserve\"><polygon points=\"21.3,127.6 208,127.6 133,52.6 153.1,32.6 262.2,141.7 153.1,250.9 133,230.8 208,155.9 21.3,155.9 \"><\/polygon><\/svg>\t\t\t\t\t\t<\/span>\n\t\t\t\t\t\t\t\t\t\t<span class=\"elementor-icon-list-text\">Information kring str\u00f6mavbrott<\/span>\n\t\t\t\t\t\t\t\t\t\t\t<\/a>\n\t\t\t\t\t\t\t\t\t<\/li>\n\t\t\t\t\t\t<\/ul>\n\t\t\t\t\t\t<\/div>\n\t\t\t\t<\/div>\n\t\t\t\t\t<\/div>\n\t\t<\/div>\n\t\t\t\t\t<\/div>\n\t\t<\/section>\n\t\t\t\t<div class=\"elementor-element elementor-element-e59ed13 elementor-widget elementor-widget-heading\" data-id=\"e59ed13\" data-element_type=\"widget\" data-e-type=\"widget\" data-widget_type=\"heading.default\">\n\t\t\t\t<div class=\"elementor-widget-container\">\n\t\t\t\t\t<h3 class=\"elementor-heading-title elementor-size-default\">H\u00e4r kan du l\u00e4sa de senaste nyheterna, pressmeddelandena och rapporterna fr\u00e5n Gotlands Eln\u00e4t AB.<\/h3>\t\t\t\t<\/div>\n\t\t\t\t<\/div>\n\t\t\t\t<div class=\"elementor-element elementor-element-d1c27e3 elementor-widget elementor-widget-spacer\" data-id=\"d1c27e3\" data-element_type=\"widget\" data-e-type=\"widget\" data-widget_type=\"spacer.default\">\n\t\t\t\t<div class=\"elementor-widget-container\">\n\t\t\t\t\t\t\t<div class=\"elementor-spacer\">\n\t\t\t<div class=\"elementor-spacer-inner\"><\/div>\n\t\t<\/div>\n\t\t\t\t\t\t<\/div>\n\t\t\t\t<\/div>\n\t\t\t\t<div class=\"elementor-element elementor-element-52b7be89 elementor-posts__hover-none elementor-grid-3 elementor-grid-tablet-2 elementor-grid-mobile-1 elementor-posts--thumbnail-top elementor-widget elementor-widget-posts\" data-id=\"52b7be89\" data-element_type=\"widget\" data-e-type=\"widget\" data-settings=\"{&quot;pagination_type&quot;:&quot;numbers&quot;,&quot;cards_columns&quot;:&quot;3&quot;,&quot;cards_columns_tablet&quot;:&quot;2&quot;,&quot;cards_columns_mobile&quot;:&quot;1&quot;,&quot;cards_row_gap&quot;:{&quot;unit&quot;:&quot;px&quot;,&quot;size&quot;:35,&quot;sizes&quot;:[]},&quot;cards_row_gap_tablet&quot;:{&quot;unit&quot;:&quot;px&quot;,&quot;size&quot;:&quot;&quot;,&quot;sizes&quot;:[]},&quot;cards_row_gap_mobile&quot;:{&quot;unit&quot;:&quot;px&quot;,&quot;size&quot;:&quot;&quot;,&quot;sizes&quot;:[]}}\" data-widget_type=\"posts.cards\">\n\t\t\t\t<div class=\"elementor-widget-container\">\n\t\t\t\t\t\t\t<div class=\"elementor-posts-container elementor-posts elementor-posts--skin-cards elementor-grid\" role=\"list\">\n\t\t\t\t<article class=\"elementor-post elementor-grid-item post-106093 post type-post status-publish format-standard has-post-thumbnail hentry category-storningsinfo\" role=\"listitem\">\n\t\t\t<div class=\"elementor-post__card\">\n\t\t\t\t<a class=\"elementor-post__thumbnail__link\" href=\"https:\/\/geab.se\/elnat\/planerat-stromavbrott-for-test-av-reservkraft-i-slite\/\" tabindex=\"-1\" ><div class=\"elementor-post__thumbnail\"><img fetchpriority=\"high\" decoding=\"async\" width=\"450\" height=\"300\" src=\"https:\/\/geab.se\/elnat\/wp-content\/uploads\/sites\/3\/2026\/04\/Elnat_Gotland_lr-450x300.jpg\" class=\"attachment-medium size-medium wp-image-106097\" alt=\"Grusv\u00e4g som g\u00e5r l\u00e4ngs med en luftledning.\" srcset=\"https:\/\/geab.se\/elnat\/wp-content\/uploads\/sites\/3\/2026\/04\/Elnat_Gotland_lr-450x300.jpg 450w, https:\/\/geab.se\/elnat\/wp-content\/uploads\/sites\/3\/2026\/04\/Elnat_Gotland_lr-900x600.jpg 900w, https:\/\/geab.se\/elnat\/wp-content\/uploads\/sites\/3\/2026\/04\/Elnat_Gotland_lr-1536x1024.jpg 1536w, https:\/\/geab.se\/elnat\/wp-content\/uploads\/sites\/3\/2026\/04\/Elnat_Gotland_lr-2048x1365.jpg 2048w\" sizes=\"(max-width: 450px) 100vw, 450px\" \/><\/div><\/a>\n\t\t\t\t<div class=\"elementor-post__badge\">St\u00f6rningsinformation<\/div>\n\t\t\t\t<div class=\"elementor-post__text\">\n\t\t\t\t<h3 class=\"elementor-post__title\">\n\t\t\t<a href=\"https:\/\/geab.se\/elnat\/planerat-stromavbrott-for-test-av-reservkraft-i-slite\/\" >\n\t\t\t\tPlanerat str\u00f6mavbrott f\u00f6r test av reservkraft i Slite\t\t\t<\/a>\n\t\t<\/h3>\n\t\t\t\t<div class=\"elementor-post__excerpt\">\n\t\t\t<p>F\u00f6r att ytterligare st\u00e4rka leveranss\u00e4kerheten p\u00e5 Gotland genomf\u00f6r Vattenfall tillsammans med Gotlands Eln\u00e4t ett planerat str\u00f6mavbrott natten mellan s\u00f6ndag 26 och m\u00e5ndag 27 april. Syftet<\/p>\n\t\t<\/div>\n\t\t\n\t\t<a class=\"elementor-post__read-more\" href=\"https:\/\/geab.se\/elnat\/planerat-stromavbrott-for-test-av-reservkraft-i-slite\/\" aria-label=\"L\u00e4s mer om Planerat str\u00f6mavbrott f\u00f6r test av reservkraft i Slite\" tabindex=\"-1\" >\n\t\t\tL\u00e4s hela inl\u00e4gget \u00bb\t\t<\/a>\n\n\t\t\t\t<\/div>\n\t\t\t\t<div class=\"elementor-post__meta-data\">\n\t\t\t\t\t<span class=\"elementor-post-date\">\n\t\t\t16 april 2026\t\t<\/span>\n\t\t\t\t<\/div>\n\t\t\t\t\t<\/div>\n\t\t<\/article>\n\t\t\t\t<article class=\"elementor-post elementor-grid-item post-105871 post type-post status-publish format-standard has-post-thumbnail hentry category-nyheter-elnat\" role=\"listitem\">\n\t\t\t<div class=\"elementor-post__card\">\n\t\t\t\t<a class=\"elementor-post__thumbnail__link\" href=\"https:\/\/geab.se\/elnat\/tillfalligt-elstod-hushall\/\" tabindex=\"-1\" ><div class=\"elementor-post__thumbnail\"><img decoding=\"async\" width=\"450\" height=\"300\" src=\"https:\/\/geab.se\/elnat\/wp-content\/uploads\/sites\/3\/2025\/05\/Large-Screen-72-DPI-Vattenfall_customer_detail_woman_hand_lamp_2021-450x300.png\" class=\"attachment-medium size-medium wp-image-103447\" alt=\"Hand som skruvar i en lampa.\" srcset=\"https:\/\/geab.se\/elnat\/wp-content\/uploads\/sites\/3\/2025\/05\/Large-Screen-72-DPI-Vattenfall_customer_detail_woman_hand_lamp_2021-450x300.png 450w, https:\/\/geab.se\/elnat\/wp-content\/uploads\/sites\/3\/2025\/05\/Large-Screen-72-DPI-Vattenfall_customer_detail_woman_hand_lamp_2021-900x600.png 900w, https:\/\/geab.se\/elnat\/wp-content\/uploads\/sites\/3\/2025\/05\/Large-Screen-72-DPI-Vattenfall_customer_detail_woman_hand_lamp_2021-1536x1024.png 1536w, https:\/\/geab.se\/elnat\/wp-content\/uploads\/sites\/3\/2025\/05\/Large-Screen-72-DPI-Vattenfall_customer_detail_woman_hand_lamp_2021.png 1920w\" sizes=\"(max-width: 450px) 100vw, 450px\" \/><\/div><\/a>\n\t\t\t\t<div class=\"elementor-post__badge\">Nyheter eln\u00e4t<\/div>\n\t\t\t\t<div class=\"elementor-post__text\">\n\t\t\t\t<h3 class=\"elementor-post__title\">\n\t\t\t<a href=\"https:\/\/geab.se\/elnat\/tillfalligt-elstod-hushall\/\" >\n\t\t\t\tTillf\u00e4lligt elst\u00f6d till hush\u00e5ll\t\t\t<\/a>\n\t\t<\/h3>\n\t\t\t\t<div class=\"elementor-post__excerpt\">\n\t\t\t<p>Regeringen f\u00f6resl\u00e5r ett tillf\u00e4lligt elst\u00f6d f\u00f6r att hj\u00e4lpa hush\u00e5ll med h\u00f6ga elkostnader i b\u00f6rjan av \u00e5ret. St\u00f6det g\u00e4ller el som anv\u00e4nts under januari och februari<\/p>\n\t\t<\/div>\n\t\t\n\t\t<a class=\"elementor-post__read-more\" href=\"https:\/\/geab.se\/elnat\/tillfalligt-elstod-hushall\/\" aria-label=\"L\u00e4s mer om Tillf\u00e4lligt elst\u00f6d till hush\u00e5ll\" tabindex=\"-1\" >\n\t\t\tL\u00e4s hela inl\u00e4gget \u00bb\t\t<\/a>\n\n\t\t\t\t<\/div>\n\t\t\t\t<div class=\"elementor-post__meta-data\">\n\t\t\t\t\t<span class=\"elementor-post-date\">\n\t\t\t24 mars 2026\t\t<\/span>\n\t\t\t\t<\/div>\n\t\t\t\t\t<\/div>\n\t\t<\/article>\n\t\t\t\t<article class=\"elementor-post elementor-grid-item post-105820 post type-post status-publish format-standard has-post-thumbnail hentry category-nyheter-elnat\" role=\"listitem\">\n\t\t\t<div class=\"elementor-post__card\">\n\t\t\t\t<a class=\"elementor-post__thumbnail__link\" href=\"https:\/\/geab.se\/elnat\/kommentar-regeringens-effektavgift\/\" tabindex=\"-1\" ><div class=\"elementor-post__thumbnail\"><img decoding=\"async\" width=\"430\" height=\"300\" src=\"https:\/\/geab.se\/elnat\/wp-content\/uploads\/sites\/3\/2025\/02\/IMG_1997-kopiera-2-430x300.jpg\" class=\"attachment-medium size-medium wp-image-102558\" alt=\"Ruin i innerstaden.\" srcset=\"https:\/\/geab.se\/elnat\/wp-content\/uploads\/sites\/3\/2025\/02\/IMG_1997-kopiera-2-430x300.jpg 430w, https:\/\/geab.se\/elnat\/wp-content\/uploads\/sites\/3\/2025\/02\/IMG_1997-kopiera-2-860x600.jpg 860w, https:\/\/geab.se\/elnat\/wp-content\/uploads\/sites\/3\/2025\/02\/IMG_1997-kopiera-2-1536x1071.jpg 1536w, https:\/\/geab.se\/elnat\/wp-content\/uploads\/sites\/3\/2025\/02\/IMG_1997-kopiera-2-2048x1428.jpg 2048w\" sizes=\"(max-width: 430px) 100vw, 430px\" \/><\/div><\/a>\n\t\t\t\t<div class=\"elementor-post__badge\">Nyheter eln\u00e4t<\/div>\n\t\t\t\t<div class=\"elementor-post__text\">\n\t\t\t\t<h3 class=\"elementor-post__title\">\n\t\t\t<a href=\"https:\/\/geab.se\/elnat\/kommentar-regeringens-effektavgift\/\" >\n\t\t\t\tEffektavgift pausas efter regeringens besked\t\t\t<\/a>\n\t\t<\/h3>\n\t\t\t\t<div class=\"elementor-post__excerpt\">\n\t\t\t<p>Regeringen har meddelat att kravet p\u00e5 att alla eln\u00e4tsbolag ska inf\u00f6ra effektavgift fr\u00e5n den 1 januari 2027 stoppas. Gotlands Eln\u00e4t har \u00e4nnu inte inf\u00f6rt effektavgift<\/p>\n\t\t<\/div>\n\t\t\n\t\t<a class=\"elementor-post__read-more\" href=\"https:\/\/geab.se\/elnat\/kommentar-regeringens-effektavgift\/\" aria-label=\"L\u00e4s mer om Effektavgift pausas efter regeringens besked\" tabindex=\"-1\" >\n\t\t\tL\u00e4s hela inl\u00e4gget \u00bb\t\t<\/a>\n\n\t\t\t\t<\/div>\n\t\t\t\t<div class=\"elementor-post__meta-data\">\n\t\t\t\t\t<span class=\"elementor-post-date\">\n\t\t\t16 mars 2026\t\t<\/span>\n\t\t\t\t<\/div>\n\t\t\t\t\t<\/div>\n\t\t<\/article>\n\t\t\t\t<article class=\"elementor-post elementor-grid-item post-105718 post type-post status-publish format-standard has-post-thumbnail hentry category-nyheter-elnat\" role=\"listitem\">\n\t\t\t<div class=\"elementor-post__card\">\n\t\t\t\t<a class=\"elementor-post__thumbnail__link\" href=\"https:\/\/geab.se\/elnat\/teckningstavling\/\" tabindex=\"-1\" ><div class=\"elementor-post__thumbnail\"><img loading=\"lazy\" decoding=\"async\" width=\"481\" height=\"300\" src=\"https:\/\/geab.se\/elnat\/wp-content\/uploads\/sites\/3\/2026\/01\/Teckningsstavling_puff_elnatssida_webbnyhet-481x300.jpg\" class=\"attachment-medium size-medium wp-image-105517\" alt=\"Kabelsk\u00e5p med bild p\u00e5.\" srcset=\"https:\/\/geab.se\/elnat\/wp-content\/uploads\/sites\/3\/2026\/01\/Teckningsstavling_puff_elnatssida_webbnyhet-481x300.jpg 481w, https:\/\/geab.se\/elnat\/wp-content\/uploads\/sites\/3\/2026\/01\/Teckningsstavling_puff_elnatssida_webbnyhet-961x600.jpg 961w, https:\/\/geab.se\/elnat\/wp-content\/uploads\/sites\/3\/2026\/01\/Teckningsstavling_puff_elnatssida_webbnyhet-1536x959.jpg 1536w, https:\/\/geab.se\/elnat\/wp-content\/uploads\/sites\/3\/2026\/01\/Teckningsstavling_puff_elnatssida_webbnyhet-2048x1279.jpg 2048w\" sizes=\"(max-width: 481px) 100vw, 481px\" \/><\/div><\/a>\n\t\t\t\t<div class=\"elementor-post__badge\">Nyheter eln\u00e4t<\/div>\n\t\t\t\t<div class=\"elementor-post__text\">\n\t\t\t\t<h3 class=\"elementor-post__title\">\n\t\t\t<a href=\"https:\/\/geab.se\/elnat\/teckningstavling\/\" >\n\t\t\t\tBarns teckningar ska smycka kabelsk\u00e5p \u00f6ver hela Gotland\t\t\t<\/a>\n\t\t<\/h3>\n\t\t\t\t<div class=\"elementor-post__excerpt\">\n\t\t\t<p>T\u00e4vlingen \u00e4r avslutad och vi vill rikta ett stort tack till alla fantastiska barn och unga som har skickat in sina underbart fina teckningar. En<\/p>\n\t\t<\/div>\n\t\t\n\t\t<a class=\"elementor-post__read-more\" href=\"https:\/\/geab.se\/elnat\/teckningstavling\/\" aria-label=\"L\u00e4s mer om Barns teckningar ska smycka kabelsk\u00e5p \u00f6ver hela Gotland\" tabindex=\"-1\" >\n\t\t\tL\u00e4s hela inl\u00e4gget \u00bb\t\t<\/a>\n\n\t\t\t\t<\/div>\n\t\t\t\t<div class=\"elementor-post__meta-data\">\n\t\t\t\t\t<span class=\"elementor-post-date\">\n\t\t\t15 februari 2026\t\t<\/span>\n\t\t\t\t<\/div>\n\t\t\t\t\t<\/div>\n\t\t<\/article>\n\t\t\t\t<article class=\"elementor-post elementor-grid-item post-105366 post type-post status-publish format-standard has-post-thumbnail hentry category-nyheter-elnat\" role=\"listitem\">\n\t\t\t<div class=\"elementor-post__card\">\n\t\t\t\t<a class=\"elementor-post__thumbnail__link\" href=\"https:\/\/geab.se\/elnat\/sankt-energiskatt\/\" tabindex=\"-1\" ><div class=\"elementor-post__thumbnail\"><img loading=\"lazy\" decoding=\"async\" width=\"450\" height=\"300\" src=\"https:\/\/geab.se\/elnat\/wp-content\/uploads\/sites\/3\/2025\/02\/Vattenfall_Umea_Distribution_072_2019LOW-450x300.jpg\" class=\"attachment-medium size-medium wp-image-102561\" alt=\"Luftledningar under molnig himmel.\" srcset=\"https:\/\/geab.se\/elnat\/wp-content\/uploads\/sites\/3\/2025\/02\/Vattenfall_Umea_Distribution_072_2019LOW-450x300.jpg 450w, https:\/\/geab.se\/elnat\/wp-content\/uploads\/sites\/3\/2025\/02\/Vattenfall_Umea_Distribution_072_2019LOW-900x600.jpg 900w, https:\/\/geab.se\/elnat\/wp-content\/uploads\/sites\/3\/2025\/02\/Vattenfall_Umea_Distribution_072_2019LOW-1536x1024.jpg 1536w, https:\/\/geab.se\/elnat\/wp-content\/uploads\/sites\/3\/2025\/02\/Vattenfall_Umea_Distribution_072_2019LOW.jpg 1708w\" sizes=\"(max-width: 450px) 100vw, 450px\" \/><\/div><\/a>\n\t\t\t\t<div class=\"elementor-post__badge\">Nyheter eln\u00e4t<\/div>\n\t\t\t\t<div class=\"elementor-post__text\">\n\t\t\t\t<h3 class=\"elementor-post__title\">\n\t\t\t<a href=\"https:\/\/geab.se\/elnat\/sankt-energiskatt\/\" >\n\t\t\t\tS\u00e4nkt energiskatt\t\t\t<\/a>\n\t\t<\/h3>\n\t\t\t\t<div class=\"elementor-post__excerpt\">\n\t\t\t<p>Riksdagen har den 26 november beslutat att godk\u00e4nna skattef\u00f6rslagen i budgetpropositionen f\u00f6r 2026. Det inneb\u00e4r att energiskatten p\u00e5 el s\u00e4nks med 7,9 \u00f6re till 36,0<\/p>\n\t\t<\/div>\n\t\t\n\t\t<a class=\"elementor-post__read-more\" href=\"https:\/\/geab.se\/elnat\/sankt-energiskatt\/\" aria-label=\"L\u00e4s mer om S\u00e4nkt energiskatt\" tabindex=\"-1\" >\n\t\t\tL\u00e4s hela inl\u00e4gget \u00bb\t\t<\/a>\n\n\t\t\t\t<\/div>\n\t\t\t\t<div class=\"elementor-post__meta-data\">\n\t\t\t\t\t<span class=\"elementor-post-date\">\n\t\t\t28 november 2025\t\t<\/span>\n\t\t\t\t<\/div>\n\t\t\t\t\t<\/div>\n\t\t<\/article>\n\t\t\t\t<article class=\"elementor-post elementor-grid-item post-105336 post type-post status-publish format-standard has-post-thumbnail hentry category-nyheter-elnat\" role=\"listitem\">\n\t\t\t<div class=\"elementor-post__card\">\n\t\t\t\t<a class=\"elementor-post__thumbnail__link\" href=\"https:\/\/geab.se\/elnat\/ny-elnatsavgift-2026\/\" tabindex=\"-1\" ><div class=\"elementor-post__thumbnail\"><img loading=\"lazy\" decoding=\"async\" width=\"450\" height=\"300\" src=\"https:\/\/geab.se\/elnat\/wp-content\/uploads\/sites\/3\/2022\/05\/IMG_7896xlow-450x300.jpg\" class=\"attachment-medium size-medium wp-image-17028\" alt=\"Medarbetare som genomf\u00f6r ett arbete p\u00e5 en luftledning.\" srcset=\"https:\/\/geab.se\/elnat\/wp-content\/uploads\/sites\/3\/2022\/05\/IMG_7896xlow-450x300.jpg 450w, https:\/\/geab.se\/elnat\/wp-content\/uploads\/sites\/3\/2022\/05\/IMG_7896xlow-900x600.jpg 900w, https:\/\/geab.se\/elnat\/wp-content\/uploads\/sites\/3\/2022\/05\/IMG_7896xlow-1536x1024.jpg 1536w, https:\/\/geab.se\/elnat\/wp-content\/uploads\/sites\/3\/2022\/05\/IMG_7896xlow-2048x1365.jpg 2048w\" sizes=\"(max-width: 450px) 100vw, 450px\" \/><\/div><\/a>\n\t\t\t\t<div class=\"elementor-post__badge\">Nyheter eln\u00e4t<\/div>\n\t\t\t\t<div class=\"elementor-post__text\">\n\t\t\t\t<h3 class=\"elementor-post__title\">\n\t\t\t<a href=\"https:\/\/geab.se\/elnat\/ny-elnatsavgift-2026\/\" >\n\t\t\t\tNy eln\u00e4tsavgift\t\t\t<\/a>\n\t\t<\/h3>\n\t\t\t\t<div class=\"elementor-post__excerpt\">\n\t\t\t<p>Fr\u00e5n \u00e5rsskiftet h\u00f6js eln\u00e4tsavgiften. H\u00f6jningen motsvarar i genomsnitt 22 kronor per m\u00e5nad f\u00f6r en l\u00e4genhet (f\u00f6rbrukning 2 000 kWh\/\u00e5r) och 168 kronor per m\u00e5nad f\u00f6r<\/p>\n\t\t<\/div>\n\t\t\n\t\t<a class=\"elementor-post__read-more\" href=\"https:\/\/geab.se\/elnat\/ny-elnatsavgift-2026\/\" aria-label=\"L\u00e4s mer om Ny eln\u00e4tsavgift\" tabindex=\"-1\" >\n\t\t\tL\u00e4s hela inl\u00e4gget \u00bb\t\t<\/a>\n\n\t\t\t\t<\/div>\n\t\t\t\t<div class=\"elementor-post__meta-data\">\n\t\t\t\t\t<span class=\"elementor-post-date\">\n\t\t\t25 november 2025\t\t<\/span>\n\t\t\t\t<\/div>\n\t\t\t\t\t<\/div>\n\t\t<\/article>\n\t\t\t\t<\/div>\n\t\t\n\t\t\t\t<div class=\"e-load-more-anchor\" data-page=\"1\" data-max-page=\"4\" data-next-page=\"https:\/\/geab.se\/elnat\/wp-json\/wp\/v2\/pages\/9556\/page\/2\/\"><\/div>\n\t\t\t\t<nav class=\"elementor-pagination\" aria-label=\"Sidonumrering\">\n\t\t\t<span aria-current=\"page\" class=\"page-numbers current\"><span class=\"elementor-screen-only\">Sida<\/span>1<\/span>\n<a class=\"page-numbers\" href=\"https:\/\/geab.se\/elnat\/wp-json\/wp\/v2\/pages\/9556\/page\/2\/\"><span class=\"elementor-screen-only\">Sida<\/span>2<\/a>\n<a class=\"page-numbers\" href=\"https:\/\/geab.se\/elnat\/wp-json\/wp\/v2\/pages\/9556\/page\/3\/\"><span class=\"elementor-screen-only\">Sida<\/span>3<\/a>\n<a class=\"page-numbers\" href=\"https:\/\/geab.se\/elnat\/wp-json\/wp\/v2\/pages\/9556\/page\/4\/\"><span class=\"elementor-screen-only\">Sida<\/span>4<\/a>\t\t<\/nav>\n\t\t\t\t\t\t<\/div>\n\t\t\t\t<\/div>\n\t\t\t\t\t<\/div>\n\t\t<\/div>\n\t\t\t\t\t<\/div>\n\t\t<\/section>\n\t\t\t\t<\/div>\n\t\t","protected":false},"excerpt":{"rendered":"<p>Nyheter eln\u00e4t Information kring str\u00f6mavbrott H\u00e4r kan du l\u00e4sa de senaste nyheterna, pressmeddelandena och rapporterna fr\u00e5n Gotlands Eln\u00e4t AB.<\/p>\n","protected":false},"author":1,"featured_media":0,"parent":0,"menu_order":2,"comment_status":"closed","ping_status":"closed","template":"elementor_header_footer","meta":{"_seopress_robots_primary_cat":"","_seopress_titles_title":"Nyheter | Gotlands Eln\u00e4t","_seopress_titles_desc":"H\u00e4r kan du l\u00e4sa de senaste nyheterna, pressmeddelandena och rapporterna fr\u00e5n Gotlands Eln\u00e4t AB.","_seopress_robots_index":"","footnotes":""},"class_list":["post-9556","page","type-page","status-publish","hentry"],"_links":{"self":[{"href":"https:\/\/geab.se\/elnat\/wp-json\/wp\/v2\/pages\/9556","targetHints":{"allow":["GET"]}}],"collection":[{"href":"https:\/\/geab.se\/elnat\/wp-json\/wp\/v2\/pages"}],"about":[{"href":"https:\/\/geab.se\/elnat\/wp-json\/wp\/v2\/types\/page"}],"author":[{"embeddable":true,"href":"https:\/\/geab.se\/elnat\/wp-json\/wp\/v2\/users\/1"}],"replies":[{"embeddable":true,"href":"https:\/\/geab.se\/elnat\/wp-json\/wp\/v2\/comments?post=9556"}],"version-history":[{"count":63,"href":"https:\/\/geab.se\/elnat\/wp-json\/wp\/v2\/pages\/9556\/revisions"}],"predecessor-version":[{"id":106081,"href":"https:\/\/geab.se\/elnat\/wp-json\/wp\/v2\/pages\/9556\/revisions\/106081"}],"wp:attachment":[{"href":"https:\/\/geab.se\/elnat\/wp-json\/wp\/v2\/media?parent=9556"}],"curies":[{"name":"wp","href":"https:\/\/api.w.org\/{rel}","templated":true}]}}