{"id":26190,"date":"2024-03-07T10:38:14","date_gmt":"2024-03-07T09:38:14","guid":{"rendered":"https:\/\/geab.se\/elnat\/?page_id=26190"},"modified":"2026-04-13T14:57:29","modified_gmt":"2026-04-13T12:57:29","slug":"valj-ratt-huvudsakring-2","status":"publish","type":"page","link":"https:\/\/geab.se\/elnat\/elanslutning\/valj-ratt-huvudsakring-2\/","title":{"rendered":"V\u00e4lj r\u00e4tt huvuds\u00e4kring"},"content":{"rendered":"\t\t<div data-elementor-type=\"wp-page\" data-elementor-id=\"26190\" class=\"elementor elementor-26190\" data-elementor-post-type=\"page\">\n\t\t\t\t\t\t<section class=\"elementor-section elementor-top-section elementor-element elementor-element-22490858 elementor-hidden-phone elementor-section-boxed elementor-section-height-default elementor-section-height-default\" data-id=\"22490858\" data-element_type=\"section\" data-e-type=\"section\">\n\t\t\t\t\t\t<div class=\"elementor-container elementor-column-gap-default\">\n\t\t\t\t\t<div class=\"elementor-column elementor-col-100 elementor-top-column elementor-element elementor-element-436041d4\" data-id=\"436041d4\" data-element_type=\"column\" data-e-type=\"column\">\n\t\t\t<div class=\"elementor-widget-wrap elementor-element-populated\">\n\t\t\t\t\t\t<div class=\"elementor-element elementor-element-26b510f3 elementor-nav-menu__align-center elementor-hidden-tablet elementor-hidden-mobile elementor-nav-menu--dropdown-tablet elementor-nav-menu__text-align-aside elementor-widget elementor-widget-nav-menu\" data-id=\"26b510f3\" data-element_type=\"widget\" data-e-type=\"widget\" data-settings=\"{&quot;submenu_icon&quot;:{&quot;value&quot;:&quot;&lt;i class=\\&quot;\\&quot; aria-hidden=\\&quot;true\\&quot;&gt;&lt;\\\/i&gt;&quot;,&quot;library&quot;:&quot;&quot;},&quot;layout&quot;:&quot;horizontal&quot;}\" data-widget_type=\"nav-menu.default\">\n\t\t\t\t<div class=\"elementor-widget-container\">\n\t\t\t\t\t\t\t\t<nav aria-label=\"Meny\" class=\"elementor-nav-menu--main elementor-nav-menu__container elementor-nav-menu--layout-horizontal e--pointer-none\">\n\t\t\t\t<ul id=\"menu-1-26b510f3\" class=\"elementor-nav-menu\"><li class=\"menu-item menu-item-type-post_type menu-item-object-page menu-item-105592\"><a href=\"https:\/\/geab.se\/elnat\/elanslutning\/valj-ratt-huvudsakring-2\/\" class=\"elementor-item\">V\u00e4lj r\u00e4tt huvuds\u00e4kring<\/a><\/li>\n<li class=\"menu-item menu-item-type-post_type menu-item-object-page menu-item-105600\"><a href=\"https:\/\/geab.se\/elnat\/elanslutning\/andra-abonnemang\/\" class=\"elementor-item\">\u00c4ndra abonnemang<\/a><\/li>\n<li class=\"menu-item menu-item-type-post_type menu-item-object-page menu-item-105601\"><a href=\"https:\/\/geab.se\/elnat\/elmatare\/\" class=\"elementor-item\">Elm\u00e4tare<\/a><\/li>\n<li class=\"menu-item menu-item-type-post_type menu-item-object-page menu-item-105602\"><a href=\"https:\/\/geab.se\/elnat\/tillgang-till-matvarden\/\" class=\"elementor-item\">Tillg\u00e5ng till m\u00e4tv\u00e4rden<\/a><\/li>\n<li class=\"menu-item menu-item-type-post_type menu-item-object-page menu-item-105603\"><a href=\"https:\/\/geab.se\/elnat\/hogspanningsanlaggning\/\" class=\"elementor-item\">Service h\u00f6gsp\u00e4nningsanl\u00e4ggning<\/a><\/li>\n<\/ul>\t\t\t<\/nav>\n\t\t\t\t\t\t<nav class=\"elementor-nav-menu--dropdown elementor-nav-menu__container\" aria-hidden=\"true\">\n\t\t\t\t<ul id=\"menu-2-26b510f3\" class=\"elementor-nav-menu\"><li class=\"menu-item menu-item-type-post_type menu-item-object-page menu-item-105592\"><a href=\"https:\/\/geab.se\/elnat\/elanslutning\/valj-ratt-huvudsakring-2\/\" class=\"elementor-item\" tabindex=\"-1\">V\u00e4lj r\u00e4tt huvuds\u00e4kring<\/a><\/li>\n<li class=\"menu-item menu-item-type-post_type menu-item-object-page menu-item-105600\"><a href=\"https:\/\/geab.se\/elnat\/elanslutning\/andra-abonnemang\/\" class=\"elementor-item\" tabindex=\"-1\">\u00c4ndra abonnemang<\/a><\/li>\n<li class=\"menu-item menu-item-type-post_type menu-item-object-page menu-item-105601\"><a href=\"https:\/\/geab.se\/elnat\/elmatare\/\" class=\"elementor-item\" tabindex=\"-1\">Elm\u00e4tare<\/a><\/li>\n<li class=\"menu-item menu-item-type-post_type menu-item-object-page menu-item-105602\"><a href=\"https:\/\/geab.se\/elnat\/tillgang-till-matvarden\/\" class=\"elementor-item\" tabindex=\"-1\">Tillg\u00e5ng till m\u00e4tv\u00e4rden<\/a><\/li>\n<li class=\"menu-item menu-item-type-post_type menu-item-object-page menu-item-105603\"><a href=\"https:\/\/geab.se\/elnat\/hogspanningsanlaggning\/\" class=\"elementor-item\" tabindex=\"-1\">Service h\u00f6gsp\u00e4nningsanl\u00e4ggning<\/a><\/li>\n<\/ul>\t\t\t<\/nav>\n\t\t\t\t\t\t<\/div>\n\t\t\t\t<\/div>\n\t\t\t\t\t<\/div>\n\t\t<\/div>\n\t\t\t\t\t<\/div>\n\t\t<\/section>\n\t\t\t\t<section class=\"elementor-section elementor-top-section elementor-element elementor-element-694099eb elementor-section-height-min-height elementor-section-content-middle elementor-section-items-stretch elementor-section-boxed elementor-section-height-default\" data-id=\"694099eb\" data-element_type=\"section\" data-e-type=\"section\" data-settings=\"{&quot;background_background&quot;:&quot;classic&quot;}\">\n\t\t\t\t\t\t\t<div class=\"elementor-background-overlay\"><\/div>\n\t\t\t\t\t\t\t<div class=\"elementor-container elementor-column-gap-no\">\n\t\t\t\t\t<div class=\"elementor-column elementor-col-100 elementor-top-column elementor-element elementor-element-330eb2fe\" data-id=\"330eb2fe\" data-element_type=\"column\" data-e-type=\"column\">\n\t\t\t<div class=\"elementor-widget-wrap elementor-element-populated\">\n\t\t\t\t\t\t<section class=\"elementor-section elementor-inner-section elementor-element elementor-element-2999d03d elementor-section-content-middle elementor-section-boxed elementor-section-height-default elementor-section-height-default\" data-id=\"2999d03d\" data-element_type=\"section\" data-e-type=\"section\">\n\t\t\t\t\t\t<div class=\"elementor-container elementor-column-gap-wide\">\n\t\t\t\t\t<div class=\"elementor-column elementor-col-100 elementor-inner-column elementor-element elementor-element-6b7716c4\" data-id=\"6b7716c4\" data-element_type=\"column\" data-e-type=\"column\">\n\t\t\t<div class=\"elementor-widget-wrap elementor-element-populated\">\n\t\t\t\t\t\t<div class=\"elementor-element elementor-element-688b79ae elementor-widget-tablet__width-initial elementor-widget elementor-widget-heading\" data-id=\"688b79ae\" data-element_type=\"widget\" data-e-type=\"widget\" data-widget_type=\"heading.default\">\n\t\t\t\t<div class=\"elementor-widget-container\">\n\t\t\t\t\t<h1 class=\"elementor-heading-title elementor-size-default\">V\u00e4lj r\u00e4tt huvuds\u00e4kring<\/h1>\t\t\t\t<\/div>\n\t\t\t\t<\/div>\n\t\t\t\t\t<\/div>\n\t\t<\/div>\n\t\t\t\t\t<\/div>\n\t\t<\/section>\n\t\t\t\t\t<\/div>\n\t\t<\/div>\n\t\t\t\t\t<\/div>\n\t\t<\/section>\n\t\t\t\t<section class=\"elementor-section elementor-top-section elementor-element elementor-element-526cfdc6 elementor-section-boxed elementor-section-height-default elementor-section-height-default\" data-id=\"526cfdc6\" data-element_type=\"section\" data-e-type=\"section\">\n\t\t\t\t\t\t<div class=\"elementor-container elementor-column-gap-default\">\n\t\t\t\t\t<div class=\"elementor-column elementor-col-100 elementor-top-column elementor-element elementor-element-4ea12816\" data-id=\"4ea12816\" data-element_type=\"column\" data-e-type=\"column\">\n\t\t\t<div class=\"elementor-widget-wrap elementor-element-populated\">\n\t\t\t\t\t\t<div class=\"elementor-element elementor-element-552ef9a4 elementor-widget elementor-widget-text-editor\" data-id=\"552ef9a4\" data-element_type=\"widget\" data-e-type=\"widget\" data-widget_type=\"text-editor.default\">\n\t\t\t\t<div class=\"elementor-widget-container\">\n\t\t\t\t\t\t\t\t\t<p><span class=\"TextRun Highlight SCXW144380955 BCX8\" lang=\"SV-SE\" xml:lang=\"SV-SE\" data-contrast=\"none\"><span class=\"NormalTextRun SCXW144380955 BCX8\" data-ccp-parastyle=\"vf-hero__paragraph\">Huvuds\u00e4kringar som vanligtvis sitter n\u00e4ra din elm\u00e4tare har tv\u00e5 syften &#8211; de skyddar din anl\u00e4ggning om den g\u00e5r s\u00f6nder och begr\u00e4nsar hur mycket str\u00f6m du kan ta ut p\u00e5 samma g\u00e5ng.<\/span><\/span><\/p>\t\t\t\t\t\t\t\t<\/div>\n\t\t\t\t<\/div>\n\t\t\t\t\t<\/div>\n\t\t<\/div>\n\t\t\t\t\t<\/div>\n\t\t<\/section>\n\t\t\t\t<section class=\"elementor-section elementor-top-section elementor-element elementor-element-a2a973f elementor-section-height-min-height elementor-section-items-stretch elementor-reverse-mobile elementor-section-boxed elementor-section-height-default\" data-id=\"a2a973f\" data-element_type=\"section\" data-e-type=\"section\" data-settings=\"{&quot;background_background&quot;:&quot;classic&quot;}\">\n\t\t\t\t\t\t<div class=\"elementor-container elementor-column-gap-no\">\n\t\t\t\t\t<div class=\"elementor-column elementor-col-50 elementor-top-column elementor-element elementor-element-3984658 elementor-hidden-tablet\" data-id=\"3984658\" data-element_type=\"column\" data-e-type=\"column\" data-settings=\"{&quot;background_background&quot;:&quot;classic&quot;}\">\n\t\t\t<div class=\"elementor-widget-wrap elementor-element-populated\">\n\t\t\t\t\t<div class=\"elementor-background-overlay\"><\/div>\n\t\t\t\t\t\t<div class=\"elementor-element elementor-element-c981e9d elementor-widget elementor-widget-image\" data-id=\"c981e9d\" data-element_type=\"widget\" data-e-type=\"widget\" data-widget_type=\"image.default\">\n\t\t\t\t<div class=\"elementor-widget-container\">\n\t\t\t\t\t\t\t\t\t\t\t\t\t\t\t<img fetchpriority=\"high\" decoding=\"async\" width=\"450\" height=\"300\" src=\"https:\/\/geab.se\/elnat\/wp-content\/uploads\/sites\/3\/2022\/05\/Lampa_low-450x300.jpg\" class=\"attachment-medium size-medium wp-image-17107\" alt=\"Person som h\u00e5ller i en lampa.\" srcset=\"https:\/\/geab.se\/elnat\/wp-content\/uploads\/sites\/3\/2022\/05\/Lampa_low-450x300.jpg 450w, https:\/\/geab.se\/elnat\/wp-content\/uploads\/sites\/3\/2022\/05\/Lampa_low-900x600.jpg 900w, https:\/\/geab.se\/elnat\/wp-content\/uploads\/sites\/3\/2022\/05\/Lampa_low-1536x1024.jpg 1536w, https:\/\/geab.se\/elnat\/wp-content\/uploads\/sites\/3\/2022\/05\/Lampa_low-2048x1365.jpg 2048w\" sizes=\"(max-width: 450px) 100vw, 450px\" \/>\t\t\t\t\t\t\t\t\t\t\t\t\t\t\t<\/div>\n\t\t\t\t<\/div>\n\t\t\t\t\t<\/div>\n\t\t<\/div>\n\t\t\t\t<div class=\"elementor-column elementor-col-50 elementor-top-column elementor-element elementor-element-20cba11\" data-id=\"20cba11\" data-element_type=\"column\" data-e-type=\"column\" data-settings=\"{&quot;background_background&quot;:&quot;classic&quot;}\">\n\t\t\t<div class=\"elementor-widget-wrap elementor-element-populated\">\n\t\t\t\t\t<div class=\"elementor-background-overlay\"><\/div>\n\t\t\t\t\t\t<div class=\"elementor-element elementor-element-246906c elementor-widget elementor-widget-heading\" data-id=\"246906c\" data-element_type=\"widget\" data-e-type=\"widget\" data-widget_type=\"heading.default\">\n\t\t\t\t<div class=\"elementor-widget-container\">\n\t\t\t\t\t<h2 class=\"elementor-heading-title elementor-size-default\">Hur \u00e4ndrar jag min huvuds\u00e4kring?<\/h2>\t\t\t\t<\/div>\n\t\t\t\t<\/div>\n\t\t\t\t<div class=\"elementor-element elementor-element-142e3fe1 elementor-widget elementor-widget-text-editor\" data-id=\"142e3fe1\" data-element_type=\"widget\" data-e-type=\"widget\" data-widget_type=\"text-editor.default\">\n\t\t\t\t<div class=\"elementor-widget-container\">\n\t\t\t\t\t\t\t\t\t<p>Om du vill byta huvuds\u00e4kring kontaktar du ett\u00a0<a href=\"https:\/\/e-tjanster.elsakerhetsverket.se\/foretag\/kolla-elforetaget\">auktoriserat elf\u00f6retag<\/a>, som efter utf\u00f6rt arbete skickar en f\u00e4rdiganm\u00e4lan p\u00e5 arbetet till oss. D\u00e4refter \u00e4ndrar vi ditt eln\u00e4tspris i enlighet med din nya huvuds\u00e4kring.\u00a0<\/p>\t\t\t\t\t\t\t\t<\/div>\n\t\t\t\t<\/div>\n\t\t\t\t\t<\/div>\n\t\t<\/div>\n\t\t\t\t\t<\/div>\n\t\t<\/section>\n\t\t\t\t<section class=\"elementor-section elementor-top-section elementor-element elementor-element-f8176c0 elementor-section-height-min-height elementor-section-items-stretch elementor-reverse-mobile elementor-section-boxed elementor-section-height-default\" data-id=\"f8176c0\" data-element_type=\"section\" data-e-type=\"section\" data-settings=\"{&quot;background_background&quot;:&quot;classic&quot;}\">\n\t\t\t\t\t\t<div class=\"elementor-container elementor-column-gap-no\">\n\t\t\t\t\t<div class=\"elementor-column elementor-col-50 elementor-top-column elementor-element elementor-element-92f35e6\" data-id=\"92f35e6\" data-element_type=\"column\" data-e-type=\"column\" data-settings=\"{&quot;background_background&quot;:&quot;classic&quot;}\">\n\t\t\t<div class=\"elementor-widget-wrap elementor-element-populated\">\n\t\t\t\t\t<div class=\"elementor-background-overlay\"><\/div>\n\t\t\t\t\t\t<div class=\"elementor-element elementor-element-50383953 elementor-widget__width-initial elementor-widget elementor-widget-image\" data-id=\"50383953\" data-element_type=\"widget\" data-e-type=\"widget\" data-widget_type=\"image.default\">\n\t\t\t\t<div class=\"elementor-widget-container\">\n\t\t\t\t\t\t\t\t\t\t\t\t\t\t\t<img decoding=\"async\" width=\"345\" height=\"325\" src=\"https:\/\/geab.se\/elnat\/wp-content\/uploads\/sites\/3\/2023\/11\/345x325_valj-ratt-huvudsakrin_31957005.jpg\" class=\"attachment-full size-full wp-image-25920\" alt=\"F\u00f6rklaring till hur man v\u00e4ljer r\u00e4tt huvuds\u00e4kring.\" srcset=\"https:\/\/geab.se\/elnat\/wp-content\/uploads\/sites\/3\/2023\/11\/345x325_valj-ratt-huvudsakrin_31957005.jpg 345w, https:\/\/geab.se\/elnat\/wp-content\/uploads\/sites\/3\/2023\/11\/345x325_valj-ratt-huvudsakrin_31957005-318x300.jpg 318w\" sizes=\"(max-width: 345px) 100vw, 345px\" \/>\t\t\t\t\t\t\t\t\t\t\t\t\t\t\t<\/div>\n\t\t\t\t<\/div>\n\t\t\t\t\t<\/div>\n\t\t<\/div>\n\t\t\t\t<div class=\"elementor-column elementor-col-50 elementor-top-column elementor-element elementor-element-8781ed3\" data-id=\"8781ed3\" data-element_type=\"column\" data-e-type=\"column\" data-settings=\"{&quot;background_background&quot;:&quot;classic&quot;}\">\n\t\t\t<div class=\"elementor-widget-wrap elementor-element-populated\">\n\t\t\t\t\t\t<section class=\"elementor-section elementor-inner-section elementor-element elementor-element-9e367fc elementor-section-content-middle elementor-section-boxed elementor-section-height-default elementor-section-height-default\" data-id=\"9e367fc\" data-element_type=\"section\" data-e-type=\"section\">\n\t\t\t\t\t\t<div class=\"elementor-container elementor-column-gap-no\">\n\t\t\t\t\t<div class=\"elementor-column elementor-col-100 elementor-inner-column elementor-element elementor-element-2b20886\" data-id=\"2b20886\" data-element_type=\"column\" data-e-type=\"column\">\n\t\t\t<div class=\"elementor-widget-wrap elementor-element-populated\">\n\t\t\t\t\t\t<div class=\"elementor-element elementor-element-e613e2a elementor-widget elementor-widget-heading\" data-id=\"e613e2a\" data-element_type=\"widget\" data-e-type=\"widget\" data-widget_type=\"heading.default\">\n\t\t\t\t<div class=\"elementor-widget-container\">\n\t\t\t\t\t<h2 class=\"elementor-heading-title elementor-size-default\">Att v\u00e4lja r\u00e4tt huvuds\u00e4kring<\/h2>\t\t\t\t<\/div>\n\t\t\t\t<\/div>\n\t\t\t\t<div class=\"elementor-element elementor-element-429ab11 elementor-widget elementor-widget-text-editor\" data-id=\"429ab11\" data-element_type=\"widget\" data-e-type=\"widget\" data-widget_type=\"text-editor.default\">\n\t\t\t\t<div class=\"elementor-widget-container\">\n\t\t\t\t\t\t\t\t\t<p class=\"\" data-start=\"75\" data-end=\"306\">En f\u00f6r liten huvuds\u00e4kring kan orsaka str\u00f6mavbrott vid h\u00f6g elf\u00f6rbrukning, medan en f\u00f6r stor inneb\u00e4r on\u00f6diga fasta avgifter. Genom att v\u00e4lja r\u00e4tt s\u00e4kringsstorlek s\u00e4kerst\u00e4ller du en stabil elf\u00f6rs\u00f6rjning och undviker extra kostnader.<\/p><p class=\"\" data-start=\"308\" data-end=\"524\">Ju h\u00f6gre amperetal p\u00e5 huvuds\u00e4kringen, desto mer el kan du anv\u00e4nda samtidigt. Om huvuds\u00e4kringen \u00e4r f\u00f6r liten kan str\u00f6mmen g\u00e5, och du kan beh\u00f6va byta s\u00e4kring ofta. Din abonnemangsavgift baseras p\u00e5 s\u00e4kringens storlek.<\/p><p class=\"\" data-start=\"526\" data-end=\"711\">F\u00f6r de flesta hush\u00e5ll r\u00e4cker en huvuds\u00e4kring p\u00e5 <strong data-start=\"574\" data-end=\"582\">16 A<\/strong>. Om du har elv\u00e4rme eller anv\u00e4nder m\u00e5nga elapparater samtidigt kan du beh\u00f6va en st\u00f6rre s\u00e4kring. Se tabellen nedan f\u00f6r r\u00e4tt val.<\/p>\t\t\t\t\t\t\t\t<\/div>\n\t\t\t\t<\/div>\n\t\t\t\t\t<\/div>\n\t\t<\/div>\n\t\t\t\t\t<\/div>\n\t\t<\/section>\n\t\t\t\t\t<\/div>\n\t\t<\/div>\n\t\t\t\t\t<\/div>\n\t\t<\/section>\n\t\t\t\t<section class=\"elementor-section elementor-top-section elementor-element elementor-element-964a40a elementor-section-height-min-height elementor-section-items-stretch elementor-reverse-mobile elementor-section-boxed elementor-section-height-default\" data-id=\"964a40a\" data-element_type=\"section\" data-e-type=\"section\" data-settings=\"{&quot;background_background&quot;:&quot;classic&quot;}\">\n\t\t\t\t\t\t<div class=\"elementor-container elementor-column-gap-no\">\n\t\t\t\t\t<div class=\"elementor-column elementor-col-100 elementor-top-column elementor-element elementor-element-36e3e3c\" data-id=\"36e3e3c\" data-element_type=\"column\" data-e-type=\"column\" data-settings=\"{&quot;background_background&quot;:&quot;classic&quot;}\">\n\t\t\t<div class=\"elementor-widget-wrap elementor-element-populated\">\n\t\t\t\t\t\t<div class=\"elementor-element elementor-element-9a357ca elementor-widget elementor-widget-heading\" data-id=\"9a357ca\" data-element_type=\"widget\" data-e-type=\"widget\" data-widget_type=\"heading.default\">\n\t\t\t\t<div class=\"elementor-widget-container\">\n\t\t\t\t\t<h2 class=\"elementor-heading-title elementor-size-default\">Faktorer som p\u00e5verkar ditt val av huvuds\u00e4kring<\/h2>\t\t\t\t<\/div>\n\t\t\t\t<\/div>\n\t\t\t\t<div class=\"elementor-element elementor-element-1e2dfee elementor-icon-list--layout-traditional elementor-list-item-link-full_width elementor-widget elementor-widget-icon-list\" data-id=\"1e2dfee\" data-element_type=\"widget\" data-e-type=\"widget\" data-widget_type=\"icon-list.default\">\n\t\t\t\t<div class=\"elementor-widget-container\">\n\t\t\t\t\t\t\t<ul class=\"elementor-icon-list-items\">\n\t\t\t\t\t\t\t<li class=\"elementor-icon-list-item\">\n\t\t\t\t\t\t\t\t\t\t\t<span class=\"elementor-icon-list-icon\">\n\t\t\t\t\t\t\t<svg xmlns=\"http:\/\/www.w3.org\/2000\/svg\" xmlns:xlink=\"http:\/\/www.w3.org\/1999\/xlink\" id=\"Ebene_1\" x=\"0px\" y=\"0px\" viewBox=\"0 0 283.5 283.5\" style=\"enable-background:new 0 0 283.5 283.5;\" xml:space=\"preserve\"><polygon points=\"99.2,246.8 4.2,151.8 24.2,131.7 99.2,206.7 259.3,46.7 279.3,66.7 \"><\/polygon><\/svg>\t\t\t\t\t\t<\/span>\n\t\t\t\t\t\t\t\t\t\t<span class=\"elementor-icon-list-text\">Din energianv\u00e4ndning.\u00a0Ju mer el du anv\u00e4nder, desto st\u00f6rre huvuds\u00e4kring beh\u00f6ver du.<\/span>\n\t\t\t\t\t\t\t\t\t<\/li>\n\t\t\t\t\t\t\t\t<li class=\"elementor-icon-list-item\">\n\t\t\t\t\t\t\t\t\t\t\t<span class=\"elementor-icon-list-icon\">\n\t\t\t\t\t\t\t<svg xmlns=\"http:\/\/www.w3.org\/2000\/svg\" xmlns:xlink=\"http:\/\/www.w3.org\/1999\/xlink\" id=\"Ebene_1\" x=\"0px\" y=\"0px\" viewBox=\"0 0 283.5 283.5\" style=\"enable-background:new 0 0 283.5 283.5;\" xml:space=\"preserve\"><polygon points=\"99.2,246.8 4.2,151.8 24.2,131.7 99.2,206.7 259.3,46.7 279.3,66.7 \"><\/polygon><\/svg>\t\t\t\t\t\t<\/span>\n\t\t\t\t\t\t\t\t\t\t<span class=\"elementor-icon-list-text\">Den effekt du tar ut\u00a0p\u00e5 en och samma g\u00e5ng (maximalt effektuttag). Se tabellen nedan.<\/span>\n\t\t\t\t\t\t\t\t\t<\/li>\n\t\t\t\t\t\t\t\t<li class=\"elementor-icon-list-item\">\n\t\t\t\t\t\t\t\t\t\t\t<span class=\"elementor-icon-list-icon\">\n\t\t\t\t\t\t\t<svg xmlns=\"http:\/\/www.w3.org\/2000\/svg\" xmlns:xlink=\"http:\/\/www.w3.org\/1999\/xlink\" id=\"Ebene_1\" x=\"0px\" y=\"0px\" viewBox=\"0 0 283.5 283.5\" style=\"enable-background:new 0 0 283.5 283.5;\" xml:space=\"preserve\"><polygon points=\"99.2,246.8 4.2,151.8 24.2,131.7 99.2,206.7 259.3,46.7 279.3,66.7 \"><\/polygon><\/svg>\t\t\t\t\t\t<\/span>\n\t\t\t\t\t\t\t\t\t\t<span class=\"elementor-icon-list-text\">Anslutna apparater. Stora apparater med h\u00f6g effekt, som exempelvis en elpanna, m\u00e5nga element, bastu och stora elektriska motorer,\u00a0beh\u00f6ver st\u00f6rre huvuds\u00e4kring,<\/span>\n\t\t\t\t\t\t\t\t\t<\/li>\n\t\t\t\t\t\t\t\t<li class=\"elementor-icon-list-item\">\n\t\t\t\t\t\t\t\t\t\t\t<span class=\"elementor-icon-list-icon\">\n\t\t\t\t\t\t\t<svg xmlns=\"http:\/\/www.w3.org\/2000\/svg\" xmlns:xlink=\"http:\/\/www.w3.org\/1999\/xlink\" id=\"Ebene_1\" x=\"0px\" y=\"0px\" viewBox=\"0 0 283.5 283.5\" style=\"enable-background:new 0 0 283.5 283.5;\" xml:space=\"preserve\"><polygon points=\"99.2,246.8 4.2,151.8 24.2,131.7 99.2,206.7 259.3,46.7 279.3,66.7 \"><\/polygon><\/svg>\t\t\t\t\t\t<\/span>\n\t\t\t\t\t\t\t\t\t\t<span class=\"elementor-icon-list-text\">Hur du f\u00f6rbrukar energin\u00a0\u00f6ver \u00e5ret. Om du anv\u00e4nder mycket energi under korta tider eller s\u00e4songvis, kan du beh\u00f6va en st\u00f6rre huvuds\u00e4kring. V\u00e4lj huvuds\u00e4kring efter det f\u00f6rv\u00e4ntade maxuttaget d\u00e5 vi endast till\u00e5ter en \u00e4ndring av huvuds\u00e4kring per tolvm\u00e5nadersperiod<\/span>\n\t\t\t\t\t\t\t\t\t<\/li>\n\t\t\t\t\t\t<\/ul>\n\t\t\t\t\t\t<\/div>\n\t\t\t\t<\/div>\n\t\t\t\t<div class=\"elementor-element elementor-element-ad5dff7 elementor-widget elementor-widget-text-editor\" data-id=\"ad5dff7\" data-element_type=\"widget\" data-e-type=\"widget\" data-widget_type=\"text-editor.default\">\n\t\t\t\t<div class=\"elementor-widget-container\">\n\t\t\t\t\t\t\t\t\t<p class=\"\" data-start=\"83\" data-end=\"291\">Du kan j\u00e4mf\u00f6ra din \u00e5rsf\u00f6rbrukning med det ungef\u00e4rliga effektuttaget f\u00f6r varje s\u00e4kringsstorlek. P\u00e5 din faktura och p\u00e5 Mitt Geab ser du din nuvarande \u00e5rsf\u00f6rbrukning och kan j\u00e4mf\u00f6ra den med tabellen nedan.<\/p><p class=\"\" data-start=\"293\" data-end=\"491\">F\u00f6r att veta hur mycket el dina apparater drar, l\u00e4s effektuttaget p\u00e5 deras m\u00e4rkskyltar. Addera effekten f\u00f6r att se hur m\u00e5nga apparater du kan anv\u00e4nda samtidigt utan att \u00f6verbelasta huvuds\u00e4kringen.<\/p>\t\t\t\t\t\t\t\t<\/div>\n\t\t\t\t<\/div>\n\t\t\t\t\t<\/div>\n\t\t<\/div>\n\t\t\t\t\t<\/div>\n\t\t<\/section>\n\t\t\t\t<section class=\"elementor-section elementor-top-section elementor-element elementor-element-2efd9c88 elementor-section-boxed elementor-section-height-default elementor-section-height-default\" data-id=\"2efd9c88\" data-element_type=\"section\" data-e-type=\"section\">\n\t\t\t\t\t\t<div class=\"elementor-container elementor-column-gap-default\">\n\t\t\t\t\t<div class=\"elementor-column elementor-col-100 elementor-top-column elementor-element elementor-element-59b710ff\" data-id=\"59b710ff\" data-element_type=\"column\" data-e-type=\"column\" data-settings=\"{&quot;background_background&quot;:&quot;classic&quot;}\">\n\t\t\t<div class=\"elementor-widget-wrap elementor-element-populated\">\n\t\t\t\t\t\t<section class=\"elementor-section elementor-inner-section elementor-element elementor-element-177a4308 elementor-section-boxed elementor-section-height-default elementor-section-height-default\" data-id=\"177a4308\" data-element_type=\"section\" data-e-type=\"section\" data-settings=\"{&quot;background_background&quot;:&quot;classic&quot;}\">\n\t\t\t\t\t\t<div class=\"elementor-container elementor-column-gap-default\">\n\t\t\t\t\t<div class=\"elementor-column elementor-col-100 elementor-inner-column elementor-element elementor-element-3d52228e\" data-id=\"3d52228e\" data-element_type=\"column\" data-e-type=\"column\">\n\t\t\t<div class=\"elementor-widget-wrap elementor-element-populated\">\n\t\t\t\t\t\t<div class=\"elementor-element elementor-element-617a1dda elementor-widget elementor-widget-text-editor\" data-id=\"617a1dda\" data-element_type=\"widget\" data-e-type=\"widget\" data-widget_type=\"text-editor.default\">\n\t\t\t\t<div class=\"elementor-widget-container\">\n\t\t\t\t\t\t\t\t\t<table class=\"vf-table\" border=\"0\"><tbody><tr><td><strong>F\u00e4rg<\/strong><\/td><td><strong>S\u00e4kringsstorlek<\/strong><\/td><td><strong>\u00c5rlig elf\u00f6rbrukning<\/strong><\/td><td><strong>Maximalt effektuttag<\/strong><\/td><\/tr><tr><td><strong>Gr\u00e5<\/strong><\/td><td>16A<\/td><td>0 &#8211; 20 000 kWh<\/td><td>11 kW<\/td><\/tr><tr><td><strong>Bl\u00e5<\/strong><\/td><td>20A<\/td><td>20 000 &#8211; 25 000 kWh<\/td><td>14 kW<\/td><\/tr><tr><td><strong>Gul<\/strong><\/td><td>25A<\/td><td>25 000 &#8211; 30 000 kWh<\/td><td>17 kW<\/td><\/tr><tr><td><strong>Svart<\/strong><\/td><td>35A<\/td><td>30 000 &#8211; 40 000 kWh<\/td><td>24 kW<\/td><\/tr><tr><td><strong>Vit<\/strong><\/td><td>50A<\/td><td>40 000 &#8211; 55 000 kWh<\/td><td>35 kW<\/td><\/tr><tr><td><strong>Koppar<\/strong><\/td><td>63A<\/td><td>55 000 &#8211; 70 000 kWh<\/td><td>44 kW<\/td><\/tr><\/tbody><\/table><p>\u00a0<\/p>\t\t\t\t\t\t\t\t<\/div>\n\t\t\t\t<\/div>\n\t\t\t\t\t<\/div>\n\t\t<\/div>\n\t\t\t\t\t<\/div>\n\t\t<\/section>\n\t\t\t\t\t<\/div>\n\t\t<\/div>\n\t\t\t\t\t<\/div>\n\t\t<\/section>\n\t\t\t\t<\/div>\n\t\t","protected":false},"excerpt":{"rendered":"<p>V\u00e4lj r\u00e4tt huvuds\u00e4kring Huvuds\u00e4kringar som vanligtvis sitter n\u00e4ra din elm\u00e4tare har tv\u00e5 syften &#8211; de skyddar din anl\u00e4ggning om den g\u00e5r s\u00f6nder och begr\u00e4nsar hur mycket str\u00f6m du kan ta ut p\u00e5 samma g\u00e5ng. Hur \u00e4ndrar jag min huvuds\u00e4kring? Om du vill byta huvuds\u00e4kring kontaktar du ett\u00a0auktoriserat elf\u00f6retag, som efter utf\u00f6rt arbete skickar en f\u00e4rdiganm\u00e4lan [&hellip;]<\/p>\n","protected":false},"author":11,"featured_media":0,"parent":241,"menu_order":0,"comment_status":"closed","ping_status":"closed","template":"elementor_header_footer","meta":{"_seopress_robots_primary_cat":"","_seopress_titles_title":"V\u00e4lj r\u00e4tt huvuds\u00e4kring | Gotlands Eln\u00e4t","_seopress_titles_desc":"","_seopress_robots_index":"","footnotes":""},"class_list":["post-26190","page","type-page","status-publish","hentry"],"_links":{"self":[{"href":"https:\/\/geab.se\/elnat\/wp-json\/wp\/v2\/pages\/26190","targetHints":{"allow":["GET"]}}],"collection":[{"href":"https:\/\/geab.se\/elnat\/wp-json\/wp\/v2\/pages"}],"about":[{"href":"https:\/\/geab.se\/elnat\/wp-json\/wp\/v2\/types\/page"}],"author":[{"embeddable":true,"href":"https:\/\/geab.se\/elnat\/wp-json\/wp\/v2\/users\/11"}],"replies":[{"embeddable":true,"href":"https:\/\/geab.se\/elnat\/wp-json\/wp\/v2\/comments?post=26190"}],"version-history":[{"count":58,"href":"https:\/\/geab.se\/elnat\/wp-json\/wp\/v2\/pages\/26190\/revisions"}],"predecessor-version":[{"id":106076,"href":"https:\/\/geab.se\/elnat\/wp-json\/wp\/v2\/pages\/26190\/revisions\/106076"}],"up":[{"embeddable":true,"href":"https:\/\/geab.se\/elnat\/wp-json\/wp\/v2\/pages\/241"}],"wp:attachment":[{"href":"https:\/\/geab.se\/elnat\/wp-json\/wp\/v2\/media?parent=26190"}],"curies":[{"name":"wp","href":"https:\/\/api.w.org\/{rel}","templated":true}]}}