{"id":18572,"date":"2022-10-03T13:43:47","date_gmt":"2022-10-03T11:43:47","guid":{"rendered":"https:\/\/geab.se\/elnat\/?page_id=18572"},"modified":"2023-11-16T09:11:39","modified_gmt":"2023-11-16T08:11:39","slug":"frankoppling-el","status":"publish","type":"page","link":"https:\/\/geab.se\/elnat\/frankoppling-el\/","title":{"rendered":"Fr\u00e5nkoppling el"},"content":{"rendered":"\t\t<div data-elementor-type=\"wp-page\" data-elementor-id=\"18572\" class=\"elementor elementor-18572\" data-elementor-post-type=\"page\">\n\t\t\t\t\t\t<section class=\"elementor-section elementor-top-section elementor-element elementor-element-e988c6a elementor-section-full_width elementor-section-height-min-height elementor-section-items-stretch elementor-section-content-middle elementor-section-height-default\" data-id=\"e988c6a\" data-element_type=\"section\" data-e-type=\"section\" data-settings=\"{&quot;background_background&quot;:&quot;classic&quot;}\">\n\t\t\t\t\t\t\t<div class=\"elementor-background-overlay\"><\/div>\n\t\t\t\t\t\t\t<div class=\"elementor-container elementor-column-gap-no\">\n\t\t\t\t\t<div class=\"elementor-column elementor-col-100 elementor-top-column elementor-element elementor-element-95f3feb\" data-id=\"95f3feb\" data-element_type=\"column\" data-e-type=\"column\">\n\t\t\t<div class=\"elementor-widget-wrap elementor-element-populated\">\n\t\t\t\t\t\t<section class=\"elementor-section elementor-inner-section elementor-element elementor-element-085f90e elementor-section-content-middle elementor-section-boxed elementor-section-height-default elementor-section-height-default\" data-id=\"085f90e\" data-element_type=\"section\" data-e-type=\"section\">\n\t\t\t\t\t\t<div class=\"elementor-container elementor-column-gap-wide\">\n\t\t\t\t\t<div class=\"elementor-column elementor-col-100 elementor-inner-column elementor-element elementor-element-ee08eae\" data-id=\"ee08eae\" data-element_type=\"column\" data-e-type=\"column\">\n\t\t\t<div class=\"elementor-widget-wrap elementor-element-populated\">\n\t\t\t\t\t\t<div class=\"elementor-element elementor-element-61ac0f0 elementor-widget elementor-widget-heading\" data-id=\"61ac0f0\" data-element_type=\"widget\" data-e-type=\"widget\" data-widget_type=\"heading.default\">\n\t\t\t\t<div class=\"elementor-widget-container\">\n\t\t\t\t\t<h1 class=\"elementor-heading-title elementor-size-xxl\">Fr\u00e5nkoppling av el<\/h1>\t\t\t\t<\/div>\n\t\t\t\t<\/div>\n\t\t\t\t\t<\/div>\n\t\t<\/div>\n\t\t\t\t\t<\/div>\n\t\t<\/section>\n\t\t\t\t\t<\/div>\n\t\t<\/div>\n\t\t\t\t\t<\/div>\n\t\t<\/section>\n\t\t\t\t<section class=\"elementor-section elementor-top-section elementor-element elementor-element-e4b0600 elementor-section-boxed elementor-section-height-default elementor-section-height-default\" data-id=\"e4b0600\" data-element_type=\"section\" data-e-type=\"section\">\n\t\t\t\t\t\t<div class=\"elementor-container elementor-column-gap-default\">\n\t\t\t\t\t<div class=\"elementor-column elementor-col-100 elementor-top-column elementor-element elementor-element-8f26571\" data-id=\"8f26571\" data-element_type=\"column\" data-e-type=\"column\">\n\t\t\t<div class=\"elementor-widget-wrap elementor-element-populated\">\n\t\t\t\t\t\t<div class=\"elementor-element elementor-element-9b9e329 elementor-widget elementor-widget-text-editor\" data-id=\"9b9e329\" data-element_type=\"widget\" data-e-type=\"widget\" data-widget_type=\"text-editor.default\">\n\t\t\t\t<div class=\"elementor-widget-container\">\n\t\t\t\t\t\t\t\t\t<p>P\u00e5 vintern finns det en viss risk f\u00f6r att det inte finns tillr\u00e4ckligt med el alla timmar i alla delar av Sverige &#8211; s\u00e5 kallad effektbrist. Det finns en rad \u00e5tg\u00e4rder att ta till, men om dessa inte r\u00e4cker till kan det bli aktuellt att koppla bort elen f\u00f6r ett begr\u00e4nsat antal under ett par timmar f\u00f6r att f\u00f6rhindra ett st\u00f6rre avbrott.\u00a0<\/p>\t\t\t\t\t\t\t\t<\/div>\n\t\t\t\t<\/div>\n\t\t\t\t\t<\/div>\n\t\t<\/div>\n\t\t\t\t\t<\/div>\n\t\t<\/section>\n\t\t\t\t<section class=\"elementor-section elementor-top-section elementor-element elementor-element-72b5d5d elementor-section-boxed elementor-section-height-default elementor-section-height-default\" data-id=\"72b5d5d\" data-element_type=\"section\" data-e-type=\"section\">\n\t\t\t\t\t\t<div class=\"elementor-container elementor-column-gap-default\">\n\t\t\t\t\t<div class=\"elementor-column elementor-col-100 elementor-top-column elementor-element elementor-element-5b9b91b\" data-id=\"5b9b91b\" data-element_type=\"column\" data-e-type=\"column\">\n\t\t\t<div class=\"elementor-widget-wrap elementor-element-populated\">\n\t\t\t\t\t\t<div class=\"elementor-element elementor-element-d931e7e elementor-widget elementor-widget-text-editor\" data-id=\"d931e7e\" data-element_type=\"widget\" data-e-type=\"widget\" data-widget_type=\"text-editor.default\">\n\t\t\t\t<div class=\"elementor-widget-container\">\n\t\t\t\t\t\t\t\t\t<h5><strong>Vad \u00e4r manuell f\u00f6rbrukningsfr\u00e5nkoppling?<\/strong><\/h5><p><span lang=\"SV-SE\" xml:lang=\"SV-SE\" data-contrast=\"none\"><span data-ccp-parastyle=\"No Spacing\">Manuell f\u00f6rbrukningsfr\u00e5nkoppling har \u00e4nnu aldrig beh\u00f6vt till\u00e4mpas i Sverige, men kan genomf\u00f6ras vid s\u00e5 kallad effektbrist som en absolut sista \u00e5tg\u00e4rd n\u00e4r elproduktion<\/span><span data-ccp-parastyle=\"No Spacing\"> i Sverige<\/span><span data-ccp-parastyle=\"No Spacing\">, import av el och effektreserver inte r\u00e4cker till. Det \u00e4r Svenska kraftn\u00e4t som beslutar om detta och ger order om fr\u00e5nkoppling<\/span><span data-ccp-parastyle=\"No Spacing\"> till eln\u00e4tsbolagen<\/span><span data-ccp-parastyle=\"No Spacing\">.<\/span><span data-ccp-parastyle=\"No Spacing\">\u00a0<\/span><\/span><span data-ccp-props=\"{\">\u00a0<\/span><\/p><p><strong>\u00a0<\/strong><\/p><h5><strong>Vem best\u00e4mmer vilka som blir fr\u00e5nkopplade? <\/strong><strong>\u00a0<\/strong><\/h5><p><span lang=\"SV-SE\" xml:lang=\"SV-SE\" data-contrast=\"none\"><span data-ccp-parastyle=\"No Spacing\">Svenska kraftn\u00e4t v\u00e4ljer ut geografiskt omr\u00e5de, hur mycket el som ska kopplas bort och hur l\u00e4nge.\u00a0<\/span><\/span><span style=\"font-size: 1rem\" data-ccp-props=\"{\">Elanv\u00e4ndare som redan p\u00e5 kort sikt har stor betydelse f\u00f6r liv och h\u00e4lsa samt annan samh\u00e4llsviktig funktion kommer prioriteras. Prioritetsordningen f\u00f6r Gotland \u00e4r framtagen av L\u00e4nsstyrelsen, Region Gotland och Gotlands Eln\u00e4t.<\/span><\/p><p><strong>\u00a0<\/strong><\/p><h5><strong>Kommer det n\u00e5gon f\u00f6rvarning innan elen st\u00e4ngs av?<\/strong><strong>\u00a0<\/strong><\/h5><p><span lang=\"SV-SE\" xml:lang=\"SV-SE\" data-contrast=\"none\"><span data-ccp-parastyle=\"No Spacing\">Svenska kraftn\u00e4t kommer i samband med en anstr\u00e4ngd situation att\u00a0<\/span><span data-ccp-parastyle=\"No Spacing\"><span lang=\"SV-SE\" style=\"font-size: 1rem\" xml:lang=\"SV-SE\" data-contrast=\"none\"><span data-ccp-parastyle=\"No Spacing\">ge en\u00a0<\/span><span data-ccp-parastyle=\"No Spacing\">order till eln\u00e4tsbolagen, till exempel Gotlands Eln\u00e4t, att fr\u00e5nkopplingen ska genomf\u00f6ras och\u00a0<\/span><span data-ccp-parastyle=\"No Spacing\">att\u00a0<\/span><span data-ccp-parastyle=\"No Spacing\">detta\u00a0<\/span><span data-ccp-parastyle=\"No Spacing\">ska\u00a0<\/span><span data-ccp-parastyle=\"No Spacing\">ske inom 15 minuter.<\/span><\/span><span lang=\"SV-SE\" style=\"font-size: 1rem\" xml:lang=\"SV-SE\" data-contrast=\"none\">\u202f<\/span> <\/span><\/span><\/p><p>Med en s\u00e5 kort framf\u00f6rh\u00e5llning, n\u00e4r fr\u00e5nkoppling m\u00e5ste ske inom 15 minuter, finns det ingen tid f\u00f6r vare sig information till samh\u00e4llet eller till skr\u00e4ddarsydda l\u00f6sningar. Detta scenario kan likst\u00e4llas med ett oplanerat str\u00f6mavbrott f\u00f6r ber\u00f6rda kunder och samh\u00e4lle, som vid \u00e5sknedslag i eln\u00e4tet eller en avgr\u00e4vd ledning.<\/p>\t\t\t\t\t\t\t\t<\/div>\n\t\t\t\t<\/div>\n\t\t\t\t<div class=\"elementor-element elementor-element-ac8dcc7 elementor-widget elementor-widget-image\" data-id=\"ac8dcc7\" data-element_type=\"widget\" data-e-type=\"widget\" data-widget_type=\"image.default\">\n\t\t\t\t<div class=\"elementor-widget-container\">\n\t\t\t\t\t\t\t\t\t\t\t\t\t\t\t<img decoding=\"async\" src=\"https:\/\/geab.se\/elnat\/wp-content\/uploads\/sites\/3\/2022\/03\/elpriskompensation_inlagg.png\" title=\"\" alt=\"\" loading=\"lazy\" \/>\t\t\t\t\t\t\t\t\t\t\t\t\t\t\t<\/div>\n\t\t\t\t<\/div>\n\t\t\t\t<div class=\"elementor-element elementor-element-9b6abfb elementor-widget elementor-widget-text-editor\" data-id=\"9b6abfb\" data-element_type=\"widget\" data-e-type=\"widget\" data-widget_type=\"text-editor.default\">\n\t\t\t\t<div class=\"elementor-widget-container\">\n\t\t\t\t\t\t\t\t\t<h5><strong>Hur l\u00e4nge blir jag utan el?<\/strong><\/h5><p><span class=\"TextRun SCXW173191264 BCX9\" lang=\"SV-SE\" xml:lang=\"SV-SE\" data-contrast=\"none\"><span class=\"NormalTextRun SCXW173191264 BCX9\" data-ccp-parastyle=\"No Spacing\">Om vi skulle hamna i en situation d\u00e4r <\/span><span class=\"NormalTextRun SCXW173191264 BCX9\" data-ccp-parastyle=\"No Spacing\">elf\u00f6rs\u00f6rjningen<\/span><span class=\"NormalTextRun SCXW173191264 BCX9\" data-ccp-parastyle=\"No Spacing\"> beh\u00f6ver kopplas bort, handlar det f\u00f6rmodligen om ett kortare avbrott (<span class=\"NormalTextRun SCXW100519286 BCX9\" data-ccp-parastyle=\"No Spacing\">cirka 3 timmar max) <\/span>den tiden p\u00e5 dygnet d\u00e5 <\/span><span class=\"NormalTextRun SCXW173191264 BCX9\" data-ccp-parastyle=\"No Spacing\">elf\u00f6rbrukningen<\/span><span class=\"NormalTextRun SCXW173191264 BCX9\" data-ccp-parastyle=\"No Spacing\"> i Sverige<\/span><\/span><span class=\"TextRun SCXW173191264 BCX9\" lang=\"SV-SE\" xml:lang=\"SV-SE\" data-contrast=\"none\"><span class=\"NormalTextRun SCXW173191264 BCX9\" data-ccp-parastyle=\"No Spacing\"> \u00e4r som <\/span><\/span><span class=\"TextRun SCXW173191264 BCX9\" lang=\"SV-SE\" xml:lang=\"SV-SE\" data-contrast=\"none\"><span class=\"NormalTextRun SCXW173191264 BCX9\" data-ccp-parastyle=\"No Spacing\">h\u00f6gst<\/span><span class=\"NormalTextRun SCXW173191264 BCX9\" data-ccp-parastyle=\"No Spacing\">.<\/span> <span class=\"NormalTextRun SCXW173191264 BCX9\" data-ccp-parastyle=\"No Spacing\">F\u00f6r att inte samma <\/span><span class=\"SpellingError SCXW173191264 BCX9\" data-ccp-parastyle=\"No Spacing\">elanv\u00e4ndare<\/span><span class=\"NormalTextRun SCXW173191264 BCX9\" data-ccp-parastyle=\"No Spacing\"> ska drabbas en l\u00e4ngre period kan roterande fr\u00e5nkoppling bli aktuellt.<\/span><\/span><span class=\"TextRun SCXW173191264 BCX9\" lang=\"SV-SE\" xml:lang=\"SV-SE\" data-contrast=\"none\"><span class=\"NormalTextRun SCXW173191264 BCX9\" data-ccp-parastyle=\"No Spacing\">\u202f<\/span><\/span><span class=\"TextRun SCXW173191264 BCX9\" lang=\"SV-SE\" xml:lang=\"SV-SE\" data-contrast=\"none\"><span class=\"NormalTextRun SCXW173191264 BCX9\" data-ccp-parastyle=\"No Spacing\">Roterande fr<\/span><\/span><span class=\"TextRun SCXW173191264 BCX9\" lang=\"SV-SE\" xml:lang=\"SV-SE\" data-contrast=\"none\"><span class=\"NormalTextRun SCXW173191264 BCX9\" data-ccp-parastyle=\"No Spacing\">\u00e5<\/span><\/span><span class=\"TextRun SCXW173191264 BCX9\" lang=\"SV-SE\" xml:lang=\"SV-SE\" data-contrast=\"none\"><span class=\"NormalTextRun SCXW173191264 BCX9\" data-ccp-parastyle=\"No Spacing\">nkoppling inneb<\/span><\/span><span class=\"TextRun SCXW173191264 BCX9\" lang=\"SV-SE\" xml:lang=\"SV-SE\" data-contrast=\"none\"><span class=\"NormalTextRun SCXW173191264 BCX9\" data-ccp-parastyle=\"No Spacing\">\u00e4<\/span><\/span><span class=\"TextRun SCXW173191264 BCX9\" lang=\"SV-SE\" xml:lang=\"SV-SE\" data-contrast=\"none\"><span class=\"NormalTextRun SCXW173191264 BCX9\" data-ccp-parastyle=\"No Spacing\">r att elen kopplas bort inom ett visst omr<\/span><\/span><span class=\"TextRun SCXW173191264 BCX9\" lang=\"SV-SE\" xml:lang=\"SV-SE\" data-contrast=\"none\"><span class=\"NormalTextRun SCXW173191264 BCX9\" data-ccp-parastyle=\"No Spacing\">\u00e5<\/span><\/span><span class=\"TextRun SCXW173191264 BCX9\" lang=\"SV-SE\" xml:lang=\"SV-SE\" data-contrast=\"none\"><span class=\"NormalTextRun SCXW173191264 BCX9\" data-ccp-parastyle=\"No Spacing\">de under <\/span><span class=\"NormalTextRun SCXW173191264 BCX9\" data-ccp-parastyle=\"No Spacing\">ett f\u00e5tal timmar <\/span><span class=\"NormalTextRun SCXW173191264 BCX9\" data-ccp-parastyle=\"No Spacing\">och att den d<\/span><\/span><span class=\"TextRun SCXW173191264 BCX9\" lang=\"SV-SE\" xml:lang=\"SV-SE\" data-contrast=\"none\"><span class=\"NormalTextRun SCXW173191264 BCX9\" data-ccp-parastyle=\"No Spacing\">\u00e4<\/span><\/span><span class=\"TextRun SCXW173191264 BCX9\" lang=\"SV-SE\" xml:lang=\"SV-SE\" data-contrast=\"none\"><span class=\"NormalTextRun SCXW173191264 BCX9\" data-ccp-parastyle=\"No Spacing\">refter kopplas till igen samtidigt som den kopplas bort i ett annat omr<\/span><\/span><span class=\"TextRun SCXW173191264 BCX9\" lang=\"SV-SE\" xml:lang=\"SV-SE\" data-contrast=\"none\"><span class=\"NormalTextRun SCXW173191264 BCX9\" data-ccp-parastyle=\"No Spacing\">\u00e5<\/span><\/span><span class=\"TextRun SCXW173191264 BCX9\" lang=\"SV-SE\" xml:lang=\"SV-SE\" data-contrast=\"none\"><span class=\"NormalTextRun SCXW173191264 BCX9\" data-ccp-parastyle=\"No Spacing\">de.<\/span><\/span><span class=\"TextRun SCXW173191264 BCX9\" lang=\"SV-SE\" xml:lang=\"SV-SE\" data-contrast=\"none\"><span class=\"NormalTextRun SCXW173191264 BCX9\" data-ccp-parastyle=\"No Spacing\">\u202f<\/span><\/span><span class=\"EOP SCXW173191264 BCX9\" data-ccp-props=\"{\">\u00a0<\/span><\/p><h5>\u00a0<\/h5><h5><strong>Vad kan jag som kund g\u00f6ra f\u00f6r att minska risken?<\/strong><strong>\u00a0<\/strong><\/h5><p><span class=\"TextRun SCXW152912052 BCX9\" lang=\"SV-SE\" xml:lang=\"SV-SE\" data-contrast=\"none\"><span class=\"NormalTextRun SCXW152912052 BCX9\" data-ccp-parastyle=\"No Spacing\">Om vi alla hj\u00e4lps \u00e5t att dra ned v\u00e5rt anv\u00e4ndande av el<\/span> <span class=\"NormalTextRun SCXW152912052 BCX9\" data-ccp-parastyle=\"No Spacing\">och flyttar f\u00f6rbrukningen till tidpunkter d\u00e5 <\/span><span class=\"NormalTextRun SCXW152912052 BCX9\" data-ccp-parastyle=\"No Spacing\">den samlade <\/span><span class=\"NormalTextRun SCXW152912052 BCX9\" data-ccp-parastyle=\"No Spacing\">el<\/span><span class=\"NormalTextRun SCXW152912052 BCX9\" data-ccp-parastyle=\"No Spacing\">f\u00f6rbrukningen<\/span> <span class=\"NormalTextRun SCXW152912052 BCX9\" data-ccp-parastyle=\"No Spacing\">i Sverige <\/span><\/span><span class=\"TextRun SCXW152912052 BCX9\" lang=\"SV-SE\" xml:lang=\"SV-SE\" data-contrast=\"none\"><span class=\"NormalTextRun SCXW152912052 BCX9\" data-ccp-parastyle=\"No Spacing\">\u00e4r <\/span><\/span><span class=\"TextRun SCXW152912052 BCX9\" lang=\"SV-SE\" xml:lang=\"SV-SE\" data-contrast=\"none\"><span class=\"NormalTextRun SCXW152912052 BCX9\" data-ccp-parastyle=\"No Spacing\">l\u00e4gre<\/span><span class=\"NormalTextRun SCXW152912052 BCX9\" data-ccp-parastyle=\"No Spacing\">, till exempel sen kv\u00e4ll, natt eller helger s\u00e5 minskar risken f\u00f6r att elen beh\u00f6ver kopplas ifr\u00e5n.<\/span><\/span><span class=\"EOP TrackedChange SCXW152912052 BCX9\" data-ccp-props=\"{\">\u00a0<\/span><\/p><p><strong>\u00a0<\/strong><\/p><h5><strong>Hur f\u00f6rbereder sig Gotlands Eln\u00e4t?<\/strong><\/h5><p><span class=\"TextRun SCXW11497860 BCX9\" lang=\"SV-SE\" xml:lang=\"SV-SE\" data-contrast=\"none\"><span class=\"NormalTextRun SCXW11497860 BCX9\" data-ccp-parastyle=\"No Spacing\">Vi <\/span><span class=\"NormalTextRun SCXW11497860 BCX9\" data-ccp-parastyle=\"No Spacing\">f\u00f6ljer utvecklingen noga och k\u00e4nner oss trygga med att vi har rutiner p\u00e5 plats<\/span><span class=\"NormalTextRun SCXW11497860 BCX9\" data-ccp-parastyle=\"No Spacing\"> om det skulle komma en order fr\u00e5n Svenska kraftn\u00e4t.\u00a0<\/span><\/span><span class=\"EOP SCXW11497860 BCX9\" data-ccp-props=\"{\">\u00a0<\/span><\/p>\t\t\t\t\t\t\t\t<\/div>\n\t\t\t\t<\/div>\n\t\t\t\t\t<\/div>\n\t\t<\/div>\n\t\t\t\t\t<\/div>\n\t\t<\/section>\n\t\t\t\t<section class=\"elementor-section elementor-top-section elementor-element elementor-element-7fc833d elementor-section-boxed elementor-section-height-default elementor-section-height-default\" data-id=\"7fc833d\" data-element_type=\"section\" data-e-type=\"section\">\n\t\t\t\t\t\t<div class=\"elementor-container elementor-column-gap-default\">\n\t\t\t\t\t<div class=\"elementor-column elementor-col-100 elementor-top-column elementor-element elementor-element-e5ba4ad\" data-id=\"e5ba4ad\" data-element_type=\"column\" data-e-type=\"column\">\n\t\t\t<div class=\"elementor-widget-wrap elementor-element-populated\">\n\t\t\t\t\t\t<section class=\"elementor-section elementor-inner-section elementor-element elementor-element-33c7d35 elementor-section-boxed elementor-section-height-default elementor-section-height-default\" data-id=\"33c7d35\" data-element_type=\"section\" data-e-type=\"section\" data-settings=\"{&quot;background_background&quot;:&quot;classic&quot;}\">\n\t\t\t\t\t\t<div class=\"elementor-container elementor-column-gap-default\">\n\t\t\t\t\t<div class=\"elementor-column elementor-col-100 elementor-inner-column elementor-element elementor-element-a77032e\" data-id=\"a77032e\" data-element_type=\"column\" data-e-type=\"column\" data-settings=\"{&quot;background_background&quot;:&quot;classic&quot;}\">\n\t\t\t<div class=\"elementor-widget-wrap elementor-element-populated\">\n\t\t\t\t\t\t<section class=\"elementor-section elementor-inner-section elementor-element elementor-element-e6db208 elementor-section-boxed elementor-section-height-default elementor-section-height-default\" data-id=\"e6db208\" data-element_type=\"section\" data-e-type=\"section\">\n\t\t\t\t\t\t<div class=\"elementor-container elementor-column-gap-default\">\n\t\t\t\t\t<div class=\"elementor-column elementor-col-50 elementor-inner-column elementor-element elementor-element-7fb00ca\" data-id=\"7fb00ca\" data-element_type=\"column\" data-e-type=\"column\">\n\t\t\t<div class=\"elementor-widget-wrap elementor-element-populated\">\n\t\t\t\t\t\t<div class=\"elementor-element elementor-element-15564f1 elementor-align-start elementor-tablet-align-start elementor-mobile-align-start elementor-icon-list--layout-traditional elementor-list-item-link-full_width elementor-widget elementor-widget-icon-list\" data-id=\"15564f1\" data-element_type=\"widget\" data-e-type=\"widget\" data-widget_type=\"icon-list.default\">\n\t\t\t\t<div class=\"elementor-widget-container\">\n\t\t\t\t\t\t\t<ul class=\"elementor-icon-list-items\">\n\t\t\t\t\t\t\t<li class=\"elementor-icon-list-item\">\n\t\t\t\t\t\t\t\t\t\t\t<a href=\"https:\/\/www.svk.se\/press-och-nyheter\/nyheter\/allmanna-nyheter\/2022\/fragor-och-svar-om-effektbrist-och-manuell-forbrukningsfrankoppling\/\">\n\n\t\t\t\t\t\t\t\t\t\t\t\t<span class=\"elementor-icon-list-icon\">\n\t\t\t\t\t\t\t<svg xmlns=\"http:\/\/www.w3.org\/2000\/svg\" xmlns:xlink=\"http:\/\/www.w3.org\/1999\/xlink\" id=\"Ebene_1\" x=\"0px\" y=\"0px\" viewBox=\"0 0 283.5 283.5\" style=\"enable-background:new 0 0 283.5 283.5;\" xml:space=\"preserve\"><polygon points=\"21.3,127.6 208,127.6 133,52.6 153.1,32.6 262.2,141.7 153.1,250.9 133,230.8 208,155.9 21.3,155.9 \"><\/polygon><\/svg>\t\t\t\t\t\t<\/span>\n\t\t\t\t\t\t\t\t\t\t<span class=\"elementor-icon-list-text\">Mer om fr\u00e5nkoppling<\/span>\n\t\t\t\t\t\t\t\t\t\t\t<\/a>\n\t\t\t\t\t\t\t\t\t<\/li>\n\t\t\t\t\t\t<\/ul>\n\t\t\t\t\t\t<\/div>\n\t\t\t\t<\/div>\n\t\t\t\t\t<\/div>\n\t\t<\/div>\n\t\t\t\t<div class=\"elementor-column elementor-col-50 elementor-inner-column elementor-element elementor-element-7fd7e42\" data-id=\"7fd7e42\" data-element_type=\"column\" data-e-type=\"column\">\n\t\t\t<div class=\"elementor-widget-wrap elementor-element-populated\">\n\t\t\t\t\t\t<div class=\"elementor-element elementor-element-044b04d elementor-widget elementor-widget-heading\" data-id=\"044b04d\" data-element_type=\"widget\" data-e-type=\"widget\" data-widget_type=\"heading.default\">\n\t\t\t\t<div class=\"elementor-widget-container\">\n\t\t\t\t\t<span class=\"elementor-heading-title elementor-size-default\"><a href=\"https:\/\/www.svk.se\/press-och-nyheter\/nyheter\/allmanna-nyheter\/2022\/fragor-och-svar-om-effektbrist-och-manuell-forbrukningsfrankoppling\/\">L\u00e4s mer om fr\u00e5nkoppling p\u00e5 Svenska kraftn\u00e4ts webbplats<\/a><\/span>\t\t\t\t<\/div>\n\t\t\t\t<\/div>\n\t\t\t\t\t<\/div>\n\t\t<\/div>\n\t\t\t\t\t<\/div>\n\t\t<\/section>\n\t\t\t\t\t<\/div>\n\t\t<\/div>\n\t\t\t\t\t<\/div>\n\t\t<\/section>\n\t\t\t\t<div class=\"elementor-element elementor-element-93547bd elementor-widget elementor-widget-spacer\" data-id=\"93547bd\" data-element_type=\"widget\" data-e-type=\"widget\" data-widget_type=\"spacer.default\">\n\t\t\t\t<div class=\"elementor-widget-container\">\n\t\t\t\t\t\t\t<div class=\"elementor-spacer\">\n\t\t\t<div class=\"elementor-spacer-inner\"><\/div>\n\t\t<\/div>\n\t\t\t\t\t\t<\/div>\n\t\t\t\t<\/div>\n\t\t\t\t\t<\/div>\n\t\t<\/div>\n\t\t\t\t\t<\/div>\n\t\t<\/section>\n\t\t\t\t<\/div>\n\t\t","protected":false},"excerpt":{"rendered":"<p>Fr\u00e5nkoppling av el P\u00e5 vintern finns det en viss risk f\u00f6r att det inte finns tillr\u00e4ckligt med el alla timmar i alla delar av Sverige &#8211; s\u00e5 kallad effektbrist. Det finns en rad \u00e5tg\u00e4rder att ta till, men om dessa inte r\u00e4cker till kan det bli aktuellt att koppla bort elen f\u00f6r ett begr\u00e4nsat antal [&hellip;]<\/p>\n","protected":false},"author":11,"featured_media":0,"parent":0,"menu_order":0,"comment_status":"closed","ping_status":"closed","template":"elementor_header_footer","meta":{"_seopress_robots_primary_cat":"","_seopress_titles_title":"Kommer vi att beh\u00f6va st\u00e4nga av elen i vinter?","_seopress_titles_desc":"I media har det rapporterats om att Svenska kraftn\u00e4t h\u00f6jt risken f\u00f6r att delar av eln\u00e4tet i Sverige kan beh\u00f6va st\u00e4ngas ned i vinter, n\u00e5got som kallas f\u00f6r manuell f\u00f6rbrukningsfr\u00e5nkoppling. Det \u00e4r viktigt att k\u00e4nna till att f\u00f6rbrukningsfr\u00e5nkoppling endast sker i n\u00f6dfall, och det \u00e4r flera faktorer som m\u00e5ste intr\u00e4ffa f\u00f6r att det \u00f6verhuvudtaget ska vara aktuellt.","_seopress_robots_index":"","footnotes":""},"class_list":["post-18572","page","type-page","status-publish","hentry"],"_links":{"self":[{"href":"https:\/\/geab.se\/elnat\/wp-json\/wp\/v2\/pages\/18572","targetHints":{"allow":["GET"]}}],"collection":[{"href":"https:\/\/geab.se\/elnat\/wp-json\/wp\/v2\/pages"}],"about":[{"href":"https:\/\/geab.se\/elnat\/wp-json\/wp\/v2\/types\/page"}],"author":[{"embeddable":true,"href":"https:\/\/geab.se\/elnat\/wp-json\/wp\/v2\/users\/11"}],"replies":[{"embeddable":true,"href":"https:\/\/geab.se\/elnat\/wp-json\/wp\/v2\/comments?post=18572"}],"version-history":[{"count":95,"href":"https:\/\/geab.se\/elnat\/wp-json\/wp\/v2\/pages\/18572\/revisions"}],"predecessor-version":[{"id":24547,"href":"https:\/\/geab.se\/elnat\/wp-json\/wp\/v2\/pages\/18572\/revisions\/24547"}],"wp:attachment":[{"href":"https:\/\/geab.se\/elnat\/wp-json\/wp\/v2\/media?parent=18572"}],"curies":[{"name":"wp","href":"https:\/\/api.w.org\/{rel}","templated":true}]}}